 - 19 - 1. Suppose 4*o - 5*r + 3 = 8*o, -5*o + m*r + 55 = 0. Let j = o - 2. Calculate f(j).
5
Let u(i) = i**3 + 12*i - 2*i**2 + 0*i**3 - 89 + 181 - 91 - 11*i**2. What is u(12)?
1
Let o(n) = -n**3 - 8*n**2 - 5*n + 8. Let l(t) = -t**2 + 2*t + 30. Let z be l(0). Let p be 45/z*28/(-6). Determine o(p).
-6
Let d(t) be the second derivative of -3*t**4/4 - t**3/6 + t**2/2 + t + 17. What is d(1)?
-9
Let a = -68 + 65. Let t(i) = -2*i - 3. Let k(q) = -6*q - 10. Let y(l) = -2*k(l) + 7*t(l). Determine y(a).
5
Let r(h) = h - 2. Let o be 12/(-6)*(-3 - 2). Suppose 2*l + 85 + o = -3*j, 2*l = -5*j - 157. Let z = j - -26. Give r(z).
-7
Let r(g) = 7*g + 981*g**2 + 14 + 984*g**2 - 1966*g**2. Determine r(8).
6
Let m(z) = -3*z**2 + 5*z - 3. Let q = -30 + 24. Let j be (-27)/q - (-3)/(-2). Give m(j).
-15
Let v(z) = -z**2 + 19*z - 22. Suppose 400*p - 90 = 395*p. Give v(p).
-4
Let b(y) = -y**2 + 8*y - 13. Let d(n) = n**2 + n - 1. Let a(w) = -b(w) + 5*d(w). Let t(m) = -5*m**2 + 2*m - 7. Let g(i) = -6*a(i) - 7*t(i). Give g(4).
1
Suppose -2*m - 6 = -5*x + 1, 0 = -5*m + 20. Let s(o) = 13*o - 2*o**2 + o - 18*o - x. Give s(-3).
-9
Let f(s) be the second derivative of -5*s + 1/3*s**3 + 7/2*s**2 + 1/20*s**5 + 0 - 1/4*s**4. Let t(u) = u + 1. Let i(r) = -f(r) + 4*t(r). Calculate i(4).
-11
Suppose -3*p = 9, -4*z + 12 = -p - 19. Let i(c) = z*c**3 - c**3 - 7*c**3. Determine i(2).
-8
Suppose 4*n - 2 = 14. Let t(v) = 6*v - 16*v + 1 - n*v. What is t(-1)?
15
Suppose -3*x = -5*g - 77, -18 = -x - 3*g + 17. Let f(v) = -8*v - 7*v - 12*v + 2 + x*v. Determine f(2).
6
Suppose 5*b - 2*y - 15 = 2*b, -2*y = b + 3. Suppose -b*m + 3*f + 3 = 0, 0 = -4*m + f - 2*f - 21. Let t(p) = p**3 + 5*p**2 + 5*p + 5. Calculate t(m).
1
Let d(m) be the first derivative of 7/6*m**3 + 1/8*m**4 + 0*m + 11 + 1/2*m**2. Let f(i) be the second derivative of d(i). What is f(-5)?
-8
Let p be 2 - (12/4 - 5). Let v(u) = 1 + 0*u + 0*u - u + 3*u - 6. Give v(p).
3
Let v(o) = 7*o**2 - o**3 - 7*o + 0*o**3 + 8*o - 7*o - 3. Calculate v(6).
-3
Let t(x) = 1 + 0 + 4 - 6. Let d(v) = -10*v - 3. Let w(n) = d(n) - 2*t(n). Give w(-2).
19
Let a(i) = 5*i. Let h(q) be the third derivative of 11*q**4/24 - q**3/6 - q**2. Let s(t) = -5*a(t) + 2*h(t). Let z = 3784 + -3786. Determine s(z).
4
Suppose 98*f = 95*f + 45. Let m(y) = y**3 - 16*y**2 + 16*y + 2. What is m(f)?
17
Let h(f) = f**3 - 57*f**2 + 53*f + 163. Let x be h(56). Let j(z) = 3*z - 1. Determine j(x).
-16
Let k(d) = -d**3 - 2*d**2 - 2*d - 1. Suppose 2*p = -5*h + 12 + 35, -5*h + 2*p + 43 = 0. Suppose 0 = -3*r - 2 - 31. Let q = h + r. Give k(q).
3
Let f(m) = -4 + 10 - 50*m + 51*m - 4. Give f(10).
12
Let w(l) be the first derivative of -l**4/4 - 5*l**3/3 + 4*l**2 + 8*l - 2420. Let b be -1 + 1 - (0 - -19). Let m = 13 + b. Calculate w(m).
-4
Let w(d) = -d + 2. Suppose 0 = -2*j + 8 - 4. Let f = j + 2. Suppose -2*s + f*s = 0. Determine w(s).
2
Let p(o) = 4*o**3 + 7*o**2 - 2. Let m = 18 + -16. Let f(s) = 6*s**2 + 3 - 5*s**m + 3*s**3 + 5*s**2 - 5. Let z(a) = 5*f(a) - 4*p(a). What is z(2)?
-2
Suppose -3*d - 7 - 5 = 0. Let b(k) be the second derivative of k**3/3 + 2*k**2 - 3*k + 11. Calculate b(d).
-4
Let o be 21/14*(-30)/9. Let u(f) = f. Determine u(o).
-5
Let j(c) = c**2 + 3*c - 6. Let t(d) = -d + 5. Let v be t(0). Suppose v*m + 3*w + 8 = -6, -m = 2*w. Let a(i) = -i**3 - 4*i**2 - 5. Let p be a(m). Calculate j(p).
4
Let b(x) = -x**2 + 4*x. Let m = -541 + 545. Give b(m).
0
Let y(q) = 2*q**2 + 2. Let m be y(0). Let b(v) = 2*v**2 - 2*v**m - 7*v**2 + v**2 + v + 1. What is b(-1)?
-6
Suppose -21*k - 10*k - 31 = 0. Let t(o) = -2*o**2 - o. Determine t(k).
-1
Let b(a) = 6*a + 3. Let z(m) be the second derivative of 4*m**3/3 + 2*m**2 + 11*m. Let c(s) = -5*b(s) + 4*z(s). Let u = 0 + 1. Give c(u).
3
Suppose -61 = -4*i + 43. Let u = 22 - i. Let d(a) = a**2 + 5*a + 2. What is d(u)?
-2
Let z = -1027 + 1030. Let c(v) be the first derivative of -2/3*v**3 + 3/2*v**2 - v + 1. Calculate c(z).
-10
Let x(y) = 284*y - 573*y + 287*y - 2 + 3*y**2. Give x(2).
6
Let k be (-4)/30 - 1274/1470. Let d(b) = -4*b + 2. Calculate d(k).
6
Let w = 7 + -6. Let x(c) = 19*c - 4. Let r(y) = y - 1. Let f(i) = 3*r(i) - x(i). Give f(w).
-15
Suppose -5*f + 0*q = -2*q, 0 = -5*f - 5*q - 35. Let r(m) = -m**2 - 2*m - 3. Let x(l) = -l**2 - 2*l - 4. Let d(b) = f*x(b) + 3*r(b). What is d(-1)?
0
Let m(c) be the third derivative of -c**6/60 - c**3/3 - 180*c**2. Calculate m(-2).
14
Let v be (-75)/2*(3 - (-13)/(-3)). Let f = 46 - v. Let g(i) = 2*i + 1. What is g(f)?
-7
Suppose 4*l = 7*l, 4*j - 20 = -5*l. Let c(k) = k**2 - 8*k + 12. Calculate c(j).
-3
Let a(z) = z - 2. Let i(p) = p**3 + 9*p**2 - 2*p - 12. Let x be i(-9). Let m be (-8)/x*15/10. Let g be m/(-7) - 224/98. What is a(g)?
-4
Let i = 4 - 6. Let o = 34 + -32. Let u(b) = 2*b - o*b - b - b - 2. Calculate u(i).
2
Let b be ((-2)/4)/((-5)/(-60)). Let f = b + 2. Let s(x) = 15 + 5*x + 2*x**2 + 20 - 31. What is s(f)?
16
Let s(f) = -f + 1. Let w(y) be the second derivative of -y**4/12 + y**3/6 + y**2/2 - 10*y. Let k = -1 + 1. Let v be w(k). What is s(v)?
0
Let w(b) = b**2 - 10*b - 3. Let y be w(10). Let u(k) = 2*k**2 + 3*k + 3. Determine u(y).
12
Let l be (-64)/(-16) - (1 - -2). Suppose -g - l = -0*g. Let p(z) = -4*z**2 + z. Give p(g).
-5
Let v be (24/60 + 0/1)*5. Let u(c) be the first derivative of -8 - 7*c + 1/2*c**v. Determine u(6).
-1
Suppose -5*l - 5 = -3*z, 0 = -5*l + 9 + 1. Let m(i) = -2*i**3 - i + i**3 + 3*i + z - 5*i**2 + 0*i. Give m(-5).
-5
Suppose -31 + 13 = 3*y. Let r(n) = 4*n + 20. Determine r(y).
-4
Suppose -4*g = -5*g. Let r(j) be the third derivative of -1/6*j**3 + 21*j**2 - 1/24*j**4 + 0 + 0*j. Determine r(g).
-1
Let j(g) be the second derivative of 3*g**5/20 - g**4/12 - g**3/6 - g**2/2 - 18*g - 3. What is j(-1)?
-4
Let h(m) = -m**3 + 2*m. Let q be 2/5 + 442/(-130). Give h(q).
21
Suppose -20*v = -25*v - 10. Let f(p) = -p**3 - 3*p**2 - 4*p - 2. Let d be f(v). Let b(x) = -6*x + 2. Calculate b(d).
-10
Let v(d) = d + 23. Let f(u) = -54. Let y(r) = 2*f(r) + 6*v(r). Calculate y(-7).
-12
Let g be ((-3)/(-2) - 2)*(14 + -24). Suppose -g*y = 3*x + 26, -y - 2 = -5*x - 8. Let h(j) = 3*j - 1. Calculate h(x).
-7
Let c(h) = -h**3 + 3*h**2 + 3*h + 4. Let f(m) = -2*m - 36. Let x be f(-19). Suppose 4*q + r + r - 26 = 0, -3*q + 22 = x*r. Give c(q).
0
Let q(c) = -c + 0 + 4 + 1 - 2. Suppose 0 = 5*x + 2*g + 49 - 14, 0 = 3*x + 4*g + 21. Let u be (84/x)/(1*-2). Determine q(u).
-3
Let z(h) = 2*h**3 - 4*h**2 + 2*h. Suppose 76*q - 8 = 72*q. What is z(q)?
4
Let k(r) = -r**3 + 10*r**2 + 13*r - 5. Let y(c) = -68*c - 125. Let f be y(-2). Give k(f).
17
Let q(c) be the first derivative of -c**2/2 + 553. Suppose m = 2*s - 3 + 12, -2*m + 18 = 4*s. Give q(m).
-9
Let a(i) = -4*i + 3 + 1 - 4*i + 3 + i**2. Determine a(6).
-5
Let w(b) be the first derivative of -b**5/60 + b**4/12 + b**3/2 + b**2/2 - 4. Let x(c) be the second derivative of w(c). Calculate x(5).
-12
Let p = 5 - 3. Let f = 2 - p. Let w(s) = -57*s**3 - 64*s**3 - 60*s**3 - 6 + 180*s**3 + 5*s - 4*s. Determine w(f).
-6
Let l(v) = v**3 - 8*v**2 - 8*v + 6. Let g be 981/218*((-2)/(-2) - -1). Give l(g).
15
Let x(g) = 5*g + g**2 + 5 + 4 - 8 + 2. Determine x(-5).
3
Let n(y) = 5*y**2 - 3*y + 2. Suppose 0 = x - 2*u + 9, 2*x + x = 2*u - 7. What is n(x)?
4
Let g(s) = 8*s**3 - s**2 - s - 1. Suppose -40 = -4*a - 2*k, 0 = 5*a - 5*k - 34 - 16. Suppose -a + 7 = 3*z. Determine g(z).
-9
Let g be 5*(-2)/(-10) + 3. Let i(q) = q - 1. Let o(h) = 4*h - 11. Let z(k) = -3*i(k) + o(k). Give z(g).
-4
Suppose 3 = 4*i - 21. Let w(h) = h**2 - 7*h + 3. Calculate w(i).
-3
Let f(q) = -1. Let t(c) = c + 3. Let d(l) = 4*f(l) + t(l). Let i(w) = 2*w - 2. Let j = -5 + -2. Let r(k) = j*d(k) + 4*i(k). Determine r(0).
-1
Let b = -67 - -72. Suppose -10 = b*z - 30. Let h(r) = r**3 - 5*r**2 + 4*r - 5. Give h(z).
-5
Let c(w) = -7*w - 3. Suppose 0 = 4*l + 4*d + 24, 0 = l - 0*l + 4*d + 9. Calculate c(l).
32
Suppose 0*l - 9 = 3*l - 3*n, 0 = -4*l + n - 3. Let y(d) be the first derivative of d**3/3 + d**2/2 - 4*d + 16. Determine y(l).
-4
Let t(c) = c**3 - 3*c**2 - 6*c + 2. Suppose n = 37 - 10. Let y = n - 23. Calculate t(y).
-6
Let p(b) = -2*b - 167 - 9*b**2 + 335 - 7*b + b - b**3 - 174. What is p(-8)?
-6
Let i(f) = -f + 2. Let a(v) = -v**3 + 6*v**2 - 3*v - 7. Let h = -3 + 8. Let t be a(h). Calculate i(t).
-1